= j*y + 19 - 1. What is the remainder when t(-1) is divided by g?
8
Let l(c) = 13*c**2 + c. Let h be l(1). Let m = h + -6. Calculate the remainder when 22 is divided by m.
6
Let v(d) = -d**3 + 4*d**2 + 6*d - 2. Let h = 18 + -11. Let y(o) = o**3 - 7*o**2 + o + 1. What is the remainder when v(4) is divided by y(h)?
6
Suppose -4*d - 26 = -170. Suppose 0 = -4*a - d + 316. Calculate the remainder when a is divided by 36.
34
Let q be 8*(-2 + 34/8). Let n(o) = o**2 + 5*o + 2. Let s be n(-5). Suppose -q = -0*h - s*h. What is the remainder when 16 is divided by h?
7
Let d = -51 + 80. Calculate the remainder when 115 is divided by d.
28
Let l = 35 - 31. What is the remainder when 26 is divided by l?
2
Let s = 67 - 35. Suppose -5*t + 22 = 4*p, -4 = -p - t + 1. Calculate the remainder when s is divided by (-34)/(p + -3 - 2).
15
Suppose 14 = 2*x - 18. Suppose -4*q = y - q + 10, x = -4*q. Suppose -12 = -0*m - m - y*a, 5*m - 5*a - 135 = 0. What is the remainder when m is divided by 8?
6
Let m be 100/3 + 1/(-3). Let o = 48 - m. Suppose 3 + o = s. What is the remainder when 35 is divided by s?
17
Let a = -10 - -39. Calculate the remainder when a is divided by 3/(9/12) + 2.
5
Let h = -60 - -83. Calculate the remainder when h is divided by 18.
5
Let l(w) = 7*w**2 - 1. Suppose m - 4*s + 5 = 0, 3*m + s = -0*s - 2. Calculate the remainder when l(m) is divided by 4.
2
What is the remainder when (-207)/6*(-4)/6 is divided by 8?
7
Let n(m) = m**3 - 6*m**2 + 8*m - 7. Calculate the remainder when n(5) is divided by ((-15)/(-8))/((-9)/(-12))*2.
3
Suppose -2*w = 5*z - 50, 0 = w - 3*z - 16 - 9. Suppose 29 + w = 3*a. Suppose 170 = p + 4*p. What is the remainder when p is divided by a?
16
Let h(v) = 1. Let r(t) = -t + 1. Let k(d) = -2*h(d) + r(d). Let i be k(-3). Suppose -20 = -s + i. Calculate the remainder when s is divided by 8.
6
Suppose 5*t - 3*h - 125 = h, -2*t + 5*h + 67 = 0. Let l = t - -1. Calculate the remainder when 42 is divided by l.
20
Let r = 210 + -75. What is the remainder when r is divided by 34?
33
Let o(r) = -r + 4. Let l be o(-6). Let u = l + 1. Let m = 35 + -3. Calculate the remainder when m is divided by u.
10
Let n(z) = 4*z**2 - 5*z. Let m be n(4). Let c = m + -29. Calculate the remainder when c is divided by 9.
6
Suppose -q - 3 = 5*a - 6*a, -3*a + 4*q = -10. Suppose 1 = -f + 5. Suppose -4 = -f*z + 2*z. What is the remainder when a is divided by z?
0
Let w be -7*((-2 - -4) + -3). Let p = -1 - -3. What is the remainder when p is divided by w/3 + 3/(-9)?
0
Let k = 13 - 11. Suppose k*g - 3*g = -4. What is the remainder when 7 is divided by g?
3
Let o = 0 - -3. Suppose 5 = -o*r + 4*t, -4*r - 4*t + 35 = -r. Let j = 15 - r. Calculate the remainder when 28 is divided by j.
8
Let n = 23 + 53. Calculate the remainder when n is divided by 20.
16
Let b be 0 - (-39)/(-3 - -4). Suppose w = 4*w - b. What is the remainder when 25 is divided by w?
12
Suppose -4*u + 139 = 5*p, -3*u - 105 = -4*p - 0*p. Let x(j) = 3*j + j**3 + 4 + 5*j**2 + 0*j**3 + j**2. What is the remainder when p is divided by x(-5)?
13
Let u(o) = -o + 27. Calculate the remainder when 28 is divided by u(12).
13
Let l = -19 + 40. Let o = 37 + 24. Calculate the remainder when o is divided by l.
19
Let z(q) = -16*q - 2. Calculate the remainder when 58 is divided by z(-2).
28
Let z be (-2382)/27 - 6/(-27). Let f = -41 - z. What is the remainder when f is divided by 16?
15
Let o be -4 + 6 - (-6 - 0). Let l = o + 0. What is the remainder when 31 is divided by l?
7
Calculate the remainder when (11/2)/11*(55 - 1) is divided by 7.
6
Suppose -4 = c - 10. Let s = c + 6. What is the remainder when 35 is divided by s?
11
Let g be (-2 - -2) + -3 - -3. Calculate the remainder when 84 is divided by (g + 2)*116/8.
26
Suppose 0 = 3*h - 5*a - 44, 0 = -3*h + 3*a - a + 50. Calculate the remainder when 67 is divided by h.
13
Let i(b) = -4*b - 3*b + 8*b - 3. What is the remainder when 6 is divided by i(5)?
0
Let f(q) = q**2 + 14*q - 16. Let y be f(-15). Let a = y - -50. Calculate the remainder when a is divided by 26.
23
Let z = 156 + -92. What is the remainder when z is divided by 22?
20
Suppose 0 = -4*h + 16, 0 = 5*g - 0*g - 4*h - 39. What is the remainder when 54 is divided by g?
10
Let g(o) = 4*o - 7. Let d(u) = 8*u - 15. Let x(q) = -2*d(q) + 5*g(q). What is the remainder when 68 is divided by x(7)?
22
Suppose -2*n + 20 = -n. What is the remainder when n is divided by (7/14)/((-1)/(-22))?
9
Let o = 9 - 2. Suppose 1 = -2*p + o. What is the remainder when p is divided by 3?
0
Let x(z) = 2*z + 11. Let j be x(-8). Calculate the remainder when 208/20 - (-2)/j is divided by 6.
4
Suppose 0*c = 5*c + 3*i + 4, 2*c - 6 = -5*i. Calculate the remainder when (-11)/c*4*1 is divided by (-4)/(-10) - 76/(-10).
6
Let b(t) = -t**2 + 55. What is the remainder when b(0) is divided by 29?
26
Let k = 39 + -25. Calculate the remainder when 54 is divided by k.
12
Let s(k) = 8*k**2 - 2*k + 3. Let y = -38 + 54. Suppose 2*c - c = y. What is the remainder when s(2) is divided by c?
15
Suppose 2*t + 32 = 172. Suppose 2*s - 6*s = -180. Let g = t - s. What is the remainder when g is divided by 9?
7
Let z(h) = h**3 - 3*h**2 + h + 2. Suppose -3*d = -5*x + 11, -15 = -4*d - 3*x + 9. Calculate the remainder when 14 is divided by z(d).
4
Suppose 6*q = q - 105. Let m = 28 + -7. Calculate the remainder when 9 is divided by (-3)/m - 87/q.
1
Suppose 0 = f - 10 - 0. Let s = 21 - 13. What is the remainder when (0 + 42)*s/12 is divided by f?
8
Let f = 46 + -38. What is the remainder when 14 is divided by f?
6
Suppose 2*w = n - 9, -5*w - n = n. Suppose -4*d + 44 = -0*d. Let o = w + d. Calculate the remainder when 25 is divided by o.
7
Let l(c) = 5*c + 4. Let u be l(-4). Let q = -8 - u. What is the remainder when q is divided by 5?
3
Suppose 0 = 2*n - 6*n + 56. What is the remainder when 52 is divided by n?
10
Let d be (-8)/(-36) + 6/(-27). Suppose 0*n - 4*n - 16 = 0, d = 4*p + 5*n - 32. Suppose 3*o = o + 50. Calculate the remainder when o is divided by p.
12
Suppose 6*f - 5*f = 53. Calculate the remainder when f is divided by 14.
11
Let h = 8 + -6. Let d be (-3)/((-4 + h)/2). Calculate the remainder when 13 is divided by 2/d + 19/3.
6
Suppose -5*j + 5 = 0, -j = -3*o - o + 63. Calculate the remainder when 62 is divided by o.
14
Let q(w) = -w**2 + 6*w + 6. Let n be q(7). What is the remainder when (156/(-9))/(n/3) is divided by 18?
16
Suppose 0 = -3*q + 3*k + 81, 4*q + q - 151 = k. Suppose -2*p + 26 - 4 = 0. What is the remainder when q is divided by p?
9
Suppose -52 = -5*h - 0*m + 2*m, 4*h - 3*m = 43. What is the remainder when h is divided by 6?
4
Let i(g) = 2*g**2. Let p be i(-1). Let w be -1 - 4/(-12)*-3 - 2. What is the remainder when 1/((-10)/w - p) is divided by 1?
0
Let j(h) = 7*h - 3. What is the remainder when 6 is divided by j(1)?
2
Suppose 9 - 60 = -3*g. What is the remainder when 66 is divided by g?
15
Suppose -5*x - 37 = 48. Let a(r) = -3*r + 2. Calculate the remainder when a(x) is divided by (3/(-2))/(2/(-36)).
26
Let y(x) = x**2 + 2*x + 2. Suppose -12 = 4*i - 4*d, -2*i + 2*d - 6 = -d. Calculate the remainder when 18 is divided by y(i).
3
Let d = -5 - -4. Let l be d/(3/6) + 0. Calculate the remainder when 31 is divided by -2 - l - 4*-2.
7
Let j(n) = -5*n + 2. Let i be 324/8 - (-1)/2. Suppose -q = 9 - i. Calculate the remainder when q is divided by j(-3).
15
Let d(p) = -3*p**2 + 3*p - 2. Let a be d(2). Let m = 12 + a. Let b(w) = 6*w - 5. What is the remainder when b(m) is divided by 7?
5
Calculate the remainder when 4 is divided by (9/(-3) - -7) + 0.
0
Suppose 3*s = 2*t - 7, -3*s + 5*t - 10 = 2*s. Let z(a) = -a**3 - 7*a**2 - 6*a - 2. Let r be z(-6). Calculate the remainder when 1 is divided by s/(-3) + r - -2.
0
Let m be 98*(-3)/(-12)*-2. Let c = 69 + m. What is the remainder when 58 is divided by c?
18
Let x(g) be the second derivative of 5*g**3/6 - 21*g**2/2 - 4*g. Suppose 0 = f - 34 + 9. Calculate the remainder when x(14) is divided by f.
24
Suppose 757 = 6*p - p + 2*f, -2*p - f + 303 = 0. Calculate the remainder when p is divided by 31.
27
Calculate the remainder when 62 is divided by (-27 + 30)*23/3.
16
Let q be (3/(-5))/((-1)/5). Suppose 0*j + q = j. Suppose -2*u + j*z + 19 = 0, -u + 4*z + 0*z + 2 = 0. What is the remainder when u is divided